{"id":58,"date":"2019-03-29T22:52:38","date_gmt":"2019-03-29T20:52:38","guid":{"rendered":"https:\/\/kuvaussaarenpaa.wordpress.com\/?page_id=58"},"modified":"2024-12-31T14:29:50","modified_gmt":"2024-12-31T14:29:50","slug":"yhteystiedot","status":"publish","type":"page","link":"https:\/\/www.kuvaussaarenpaa.fi\/?page_id=58","title":{"rendered":"Yhteystiedot"},"content":{"rendered":"\n<p class=\"has-text-align-left\" style=\"font-size:17px\">Ota rohkeasti yhteytt\u00e4 joko s\u00e4hk\u00f6postilla <br>tai puhelimitse (arki-illoin tai vkl) <br>ja kysy tarjousta kuvausty\u00f6llesi. <br>Vastaan mahdollisimman nopeasti.<\/p>\n\n\n\n<figure class=\"wp-block-image size-large is-resized is-style-default\"><img loading=\"lazy\" decoding=\"async\" width=\"567\" height=\"198\" src=\"https:\/\/www.kuvaussaarenpaa.fi\/wp-content\/uploads\/2021\/04\/logo2netti.png\" alt=\"\" class=\"wp-image-284\" style=\"width:226px;height:79px\" srcset=\"https:\/\/www.kuvaussaarenpaa.fi\/wp-content\/uploads\/2021\/04\/logo2netti.png 567w, https:\/\/www.kuvaussaarenpaa.fi\/wp-content\/uploads\/2021\/04\/logo2netti-300x105.png 300w\" sizes=\"auto, (max-width: 567px) 100vw, 567px\" \/><\/figure>\n\n\n\n<p><strong><strong>kuvaussaarenpaa@gmail.com<br>p. 040 548 8407<\/strong><\/strong><\/p>\n\n\n\n<p style=\"font-size:12px\">Copyright 2025 Kuvaus Saarenp\u00e4\u00e4<\/p>\n","protected":false},"excerpt":{"rendered":"<p>Ota rohkeasti yhteytt\u00e4 joko s\u00e4hk\u00f6postilla tai puhelimitse (arki-illoin tai vkl) ja kysy tarjousta kuvausty\u00f6llesi. Vastaan mahdollisimman nopeasti. kuvaussaarenpaa@gmail.comp. 040 548 8407 Copyright 2025 Kuvaus Saarenp\u00e4\u00e4<\/p>\n","protected":false},"author":1,"featured_media":179,"parent":0,"menu_order":5,"comment_status":"closed","ping_status":"closed","template":"","meta":{"footnotes":""},"class_list":["post-58","page","type-page","status-publish","has-post-thumbnail","hentry"],"_links":{"self":[{"href":"https:\/\/www.kuvaussaarenpaa.fi\/index.php?rest_route=\/wp\/v2\/pages\/58","targetHints":{"allow":["GET"]}}],"collection":[{"href":"https:\/\/www.kuvaussaarenpaa.fi\/index.php?rest_route=\/wp\/v2\/pages"}],"about":[{"href":"https:\/\/www.kuvaussaarenpaa.fi\/index.php?rest_route=\/wp\/v2\/types\/page"}],"author":[{"embeddable":true,"href":"https:\/\/www.kuvaussaarenpaa.fi\/index.php?rest_route=\/wp\/v2\/users\/1"}],"replies":[{"embeddable":true,"href":"https:\/\/www.kuvaussaarenpaa.fi\/index.php?rest_route=%2Fwp%2Fv2%2Fcomments&post=58"}],"version-history":[{"count":8,"href":"https:\/\/www.kuvaussaarenpaa.fi\/index.php?rest_route=\/wp\/v2\/pages\/58\/revisions"}],"predecessor-version":[{"id":445,"href":"https:\/\/www.kuvaussaarenpaa.fi\/index.php?rest_route=\/wp\/v2\/pages\/58\/revisions\/445"}],"wp:featuredmedia":[{"embeddable":true,"href":"https:\/\/www.kuvaussaarenpaa.fi\/index.php?rest_route=\/wp\/v2\/media\/179"}],"wp:attachment":[{"href":"https:\/\/www.kuvaussaarenpaa.fi\/index.php?rest_route=%2Fwp%2Fv2%2Fmedia&parent=58"}],"curies":[{"name":"wp","href":"https:\/\/api.w.org\/{rel}","templated":true}]}}